 Calculate the remainder when f(m) is divided by v.
14
Let a = -2118 - -2165. Calculate the remainder when 886 is divided by a.
40
Let o(i) = 75*i - 417. What is the remainder when 306 is divided by o(6)?
9
Let w be 1 - 0 - (20 - 11). Let u(n) = 2*n**2 + 10*n - 22. Suppose q - 635 = -4*q. What is the remainder when q is divided by u(w)?
23
Suppose 15*t - 5653 + 1033 = 0. Suppose 14*p = 3*p + t. Let v = 160 + -53. Calculate the remainder when v is divided by p.
23
Let d(g) = -g**3 + 107*g**2 + 465*g - 513. What is the remainder when d(111) is divided by 166?
158
Let i = -12812 - -14582. What is the remainder when i is divided by 71?
66
Let v(z) = 2*z**2 + 60*z - 271. Calculate the remainder when 2 is divided by v(4).
0
Let f(c) = 3*c**2 - 4*c - 1. Suppose -3*b + 17 = 2*r, 0 = -0*r + 2*r - 5*b + 7. Let h = -181 + 197. What is the remainder when f(r) is divided by h?
15
Let a(k) = k**2 + 28*k + 38. What is the remainder when a(0) is divided by 3?
2
Let t = 245491 - 245474. What is the remainder when (-883)/(((-1)/1)/1) is divided by t?
16
Suppose 4*i - 3*u - 200 = 0, -2*u + 122 = 2*i + 2*u. Calculate the remainder when 1609 is divided by i.
19
Let b(a) be the second derivative of 5*a**3/3 - 9*a**2 - 7*a - 1. What is the remainder when (-326)/(-4) + 2/4 is divided by b(3)?
10
Let z(f) = 22*f - 71. Let o be z(-6). Let r = o + 216. What is the remainder when r is divided by 3?
1
Suppose -t + 6 = -19. Let f be (-6)/15 - (-3 - 309/(-15)). Let w = 117 + f. What is the remainder when w is divided by t?
24
Suppose 4280 + 4372 = 62*v - 11560. What is the remainder when v is divided by 35?
11
Suppose 3*r - 55 = 47. Suppose 5*n - 234 + 52 = 17*i, 5*i = 3*n - 156. Calculate the remainder when n is divided by r.
33
Let i = 240 - 237. Calculate the remainder when i + 1*(-774)/(4 + -10) is divided by 46.
40
Let o = 2866 + -2487. What is the remainder when o is divided by 55?
49
Let f = -14621 - -14818. Calculate the remainder when 1401 is divided by f.
22
What is the remainder when 456/1596*2*4746 is divided by 46?
44
Suppose 109 = 5*m - 181. Suppose 15*p - 12*p + 45 = 0. What is the remainder when m is divided by (p/7)/((-8)/56)?
13
Suppose 63*m + 4*m - 36*m = 14477. What is the remainder when m is divided by 56?
19
Let l be (14/10)/((-3)/(-15)). Let u = 95 - l. What is the remainder when u is divided by 10?
8
Suppose -3*w = 2*f - 0*w - 415, 0 = 2*f - 4*w - 450. Calculate the remainder when f is divided by -12*-3*4/12.
11
Let t be (-8 - -8)/(4 - (-2 - -5)). Suppose -2*a + t*a + 5*o = -9, 2*o = 4*a - 26. Calculate the remainder when a is divided by 3.
1
Let g = 188 - 16. Calculate the remainder when g is divided by (-1770)/(-70) + 2/(-7).
22
Let g = -9779 - -12403. What is the remainder when g is divided by 34?
6
Calculate the remainder when 223 is divided by -1 - (-54 - (6 + (-6 - -6))).
46
Let y = 7 - 28. Let c be (-99)/y - (2 - (-16)/(-7)). Suppose -3*r = 4*v - 81, c*r = 2*v + 2*v + 103. Calculate the remainder when 44 is divided by r.
21
Let v(b) = -b**3 - 5*b**2 + 13*b - 5. Let y be v(-7). Let d(w) = 3 - w**2 - 8*w + 3*w**2 + y*w**3 - 1. What is the remainder when d(3) is divided by 18?
14
Let n = -235 + 416. Let q = -247 - -261. What is the remainder when n is divided by q?
13
Suppose 2*c - 374 + 1008 = 0. Let y = c - -360. Calculate the remainder when 81 is divided by y.
38
Suppose -c + 2166 = -0*c - 2*m, 10810 = 5*c - 5*m. Calculate the remainder when c is divided by 45.
43
Let y(v) = 4*v**2 + 2*v**2 - 6*v - 6 - 5*v**2 - 3*v**2 - v**3. Let j = -3 + 13. What is the remainder when j is divided by y(-2)?
4
Calculate the remainder when (307 - -507) + 4*4 is divided by 179.
114
Let y = -71 - -111. Let r = 308 + y. Suppose 7*t - 2*t + 15 = 0, -2*t - r = -3*p. Calculate the remainder when p is divided by 39.
36
Let y(f) = -6*f**3 + 1073*f**2 + 182*f - 502. Suppose x = -3*l + 862 - 270, -3*x = 15. What is the remainder when l is divided by y(179)?
24
Let n(t) = -2*t**2 - 76*t + 684. What is the remainder when n(0) is divided by 58?
46
Suppose -557 + 790 = i. Calculate the remainder when i is divided by 127.
106
Let l = -27350 - -27359. What is the remainder when 6964 is divided by l?
7
Suppose -3261 = -5*z - 3116. Suppose 4*q + 1196 = 2*k, 0*k + 4*k = -4*q + 2440. Calculate the remainder when k is divided by z.
26
Let v(n) = -67*n + 19. Let r(j) = -136*j + 38. Let y(h) = 4*r(h) - 9*v(h). Calculate the remainder when y(5) is divided by 71.
63
Suppose -l + 112 = -153*p + 156*p, 3*l + 96 = 3*p. Calculate the remainder when 843 is divided by p.
15
Let n be (-8)/14 - 18/42. Let u(o) = 24*o + 30. What is the remainder when 56 is divided by u(n)?
2
Let v(u) = u**3 + 0 + 33 + 2*u**2 + 3 - 2*u. Suppose 3*z = 5*z. What is the remainder when v(z) is divided by 10?
6
Suppose 29*w + 3*h = 25*w + 2433, 4*w - 2412 = 4*h. Let i = w + -597. Suppose 0 = -s + 57 + 32. Calculate the remainder when s is divided by i.
8
Suppose -5*g + 0 + 3 = -4*u, -2*g = -2*u. Suppose 5*a = g*w - 425, -2*a + 415 + 45 = 3*w. Suppose 0*y - 38 = -y. What is the remainder when w is divided by y?
36
What is the remainder when (13 + 0)/(-91) - 5503/(-7) is divided by 43?
12
Let c(t) = -2*t**2 + 3*t + 9. Let o be c(-14). Let z = -323 - o. Calculate the remainder when z is divided by 15.
12
Suppose x - 2 - 2 = 0. Let n be 10 - 2 - x - 0. What is the remainder when 29 is divided by n*(6 - (-2 + 4))?
13
Let q(o) = 5*o + 35. Let a be q(-12). Calculate the remainder when 258 - 1 - (21 + a) is divided by 38.
33
Let j(y) = 3*y**2 + 26*y + 18. Suppose 0 = -55*l + 56*l, i + 3*l + 12 = 0. Calculate the remainder when j(i) is divided by 28.
26
Let w = -25 + 27. Suppose 0 = w*o + 61 + 87. Let d = o - -77. What is the remainder when 9 is divided by d?
0
Calculate the remainder when (-80 + 89)/((-3)/(-2039)) is divided by 40.
37
Let t(d) = 6*d**2 - 20*d - 46. What is the remainder when t(10) is divided by ((-1)/1)/(1/(-21))?
18
Suppose -32 = 2*j - 182. Let r = -279 + 289. What is the remainder when j is divided by r?
5
What is the remainder when 874 is divided by 48/(-60) - 54/(-5)?
4
Suppose -2*m + 4*m = -h + 165, 0 = h - 1. Let i = m - 44. Let k = 335 + -328. Calculate the remainder when i is divided by k.
3
Calculate the remainder when 369 is divided by (-345)/46*-2*2/3.
9
Let i be (6/(-8))/((-2)/8). Suppose -5*x + 7 - 2 = 4*p, -3*x + i = p. Calculate the remainder when 23 is divided by p + 2 - (15 - 5)*-1.
11
Let f(i) = 4*i**3 + i**2 + 5*i + 4. Let w(d) = 7*d**3 + 3*d**2 + 8*d + 9. Let m(x) = -5*f(x) + 3*w(x). Calculate the remainder when m(5) is divided by 58.
53
Suppose 0 = 49*g - 44*g + 5*q - 11005, 4402 = 2*g - 3*q. What is the remainder when g is divided by 147?
143
Suppose 0 = -l - 0 + 2. Suppose 25 = 5*b, 5*b - 27 = -5*n + 3. What is the remainder when l - (n - 16) - 1 is divided by 10?
6
Suppose -6 = -15*o + 13*o. Suppose -3*d - 5*d = o*d. Suppose 5*k - 3*y - 603 = d, k - y - 124 = 3*y. What is the remainder when k is divided by 31?
27
Let a = -909 + 1414. Suppose 0 = -2*d + 177 + a. Suppose -12*j + j = -d. Calculate the remainder when 122 is divided by j.
29
Let y(u) = 2*u**2 - 189*u + 2581. What is the remainder when y(15) is divided by 183?
13
Let l(s) = 2*s**2 - 31*s - 79. Calculate the remainder when l(-13) is divided by 21.
11
Suppose -2*r - 122 = 70. Let t = r - -116. What is the remainder when t is divided by 14?
6
Let b = 9302 - 5054. Calculate the remainder when b is divided by 125.
123
Let t be (-235)/(-94) - 90/4. What is the remainder when (t + 21)/(2/134) is divided by 9?
4
Let j = 2 - 3. Let l = -97 - -110. What is the remainder when j/(-2*(-1)/(-76)) is divided by l?
12
Suppose -33*v - 1718 = 44*v - 9495. What is the remainder when 3835 is divided by v?
98
Suppose 3*r + 3*x = 1929, 3*x = -r + 873 - 226. What is the remainder when r is divided by 212?
5
Let z = -5 - -8. Let d(u) = 12*u - 354. Let s be d(30). What is the remainder when (-8)/(-9)*s*z is divided by 6?
4
Calculate the remainder when (25/(-7) + (-15)/(-5))/(38/(-89509)) is divided by 333.
14
Let z(y) = -y**3 + 18*y**2 + 4*y - 21. Let c be z(18). Suppose -152*a = -149*a - c. Calculate the remainder when a is divided by 8.
1
Suppose 5*z + 5*x = 2370, -2325 = -0*z - 5*z + 4*x. What is the remainder when z is divided by 54?
37
Le